k - 23*r. Give j(k).
7
Let y(x) = 13*x**2 - 43*x**2 + 14*x**2 + 18*x**2 - 2*x. Let z(a) = a - 1. Let d be z(3). Determine y(d).
4
Let j(p) = 10*p - 30. Let b be j(3). Let o(k) = -k**2 - 3*k + 7. Calculate o(b).
7
Let j(f) = 3*f - 13 - 6 - 19 + 38. Let n(x) = -x**2 + 3*x + 2. Let r be n(3). Suppose -6*s + r*s = -12. What is j(s)?
9
Let n(o) = -9*o - 2. Suppose 11*p + 48 = 81. Calculate n(p).
-29
Let a(t) be the first derivative of -3*t**4/2 + t**2/2 - 82. Give a(1).
-5
Suppose -24 = -25*q + 22*q. Let p(w) = -w**3 + 8*w**2 + 2*w - 10. Determine p(q).
6
Let o(a) = 2*a**3 - 7*a**2 + a + 11. Let p = -3 - -6. Let c(d) = -d**p - d**2 + 4*d**2 - 6 + d**2. Let y(n) = -5*c(n) - 2*o(n). Give y(6).
-4
Suppose -2*z = 3*z + 75. Let x = 9 + z. Let k(w) = -4 - 3 - 137*w - 1 + 135*w. What is k(x)?
4
Let b(z) = 1 - 1 - z. Let i(k) = -k**3 + 10*k**2 - 8*k - 5. Let o be i(9). Let j be -3 - 1 - (o - 4). Determine b(j).
4
Let d(w) = 2*w + 1. Let f be (-3 - -8) + 3 + 4*-1. Suppose 8*x + f - 28 = 0. Give d(x).
7
Let v be 8/(-6)*3/(-4). Let j(n) = 14*n**2 - n + 1. What is j(v)?
14
Let w(u) = -u**2 + 17*u - 15. Suppose k - 2*k = -5*y - 41, -3*y = 15. Let c be w(k). Let t(h) = 14*h. Determine t(c).
14
Let o(h) = h**3 - 8*h**2 + 6*h - 3. Suppose 9 = 3*r + 3*k, r + 31 = 6*r + k. Give o(r).
-10
Suppose -4 = 21*c - 23*c - p, -4*c = -3*p - 18. Let b = 6 - 6. Let v(h) = -3*h + 0*h + 3 + b. Calculate v(c).
-6
Let k(z) be the first derivative of -5*z**2/2 + 64*z - 220. What is k(12)?
4
Let u(c) = c**3 - 9*c**2 + 2*c - 4. Let r be u(9). Let o = 10 - r. Let f(p) = 3*p + 6. What is f(o)?
-6
Let f(u) be the first derivative of -u**5/60 - u**4/12 + 2*u**3/3 - 12*u**2 + 25. Let s(x) be the second derivative of f(x). What is s(-3)?
1
Let t(z) = z**2 - 11*z + 21. Let k be t(3). Let x(g) = 2*g**2 + 6*g + 5. Calculate x(k).
5
Let m = -31 + 57. Suppose 4*p - m + 14 = 0. Suppose 0 = -3*z - 4*n - 16 + 3, 15 = p*z - 3*n. Let r(j) = 11*j**3 - 2*j**2 + j. Give r(z).
10
Let q(p) be the first derivative of p**2/2 + 11*p + 2. Let x be q(-9). Let z(h) = -36 + 3*h**2 + 40 - x*h**2 - 6*h. Determine z(6).
4
Let k(r) = r**3 + 3*r**2 - 1. Let z(t) = -27*t**3 - 22*t**3 - 1 + t + 6*t**2 + 51*t**3. Let u(c) = -5*k(c) + 3*z(c). What is u(-3)?
-7
Let c(v) = 7 - 2 + 13*v + 3*v + v**2 - 5*v. Give c(-9).
-13
Suppose 9*t = -4 - 5. Let w be (-2 + 4)*(0 + t/2). Let y(l) = -7*l**3 - l**2. What is y(w)?
6
Let t be (264/84 - 4)/((-6)/28). Let b(w) = -w**2 + 2*w + 11. Determine b(t).
3
Let l(n) = n**2 - 5*n - 7. Suppose -3*b + 18 = 3*r - 6, 3*r = -6. Let q = b + 2. Let v be (q + -8)*(-3)/(-2). Determine l(v).
-1
Suppose -12*t = 6*t + 18. Let z(d) be the third derivative of d**6/8 - d**4/24 - d**3/6 + d**2. Calculate z(t).
-15
Let i be 4 + (10 - -3)/(-13). Let r(w) = w. Let z(g) = -10*g + 1. Let n(c) = -6*r(c) - z(c). Determine n(i).
11
Let a(x) = -x**2 - 8*x - 6. Let q(w) = 0*w - 5 + 15 - 2*w. Suppose -p - 40 = -6*p. Let b be q(p). What is a(b)?
6
Let d(g) = -g**2 + 8. Let w(i) = 3*i - 5. Let a be w(9). Let s be 18/99 + (-4)/a. Give d(s).
8
Let l(h) = 0*h - 2 - 2*h + 3*h**3 + 4*h**2 - 2*h**3. Let q(g) = -16*g**2 - 6*g - 5. Let t be q(-2). Let v = -60 - t. Calculate l(v).
13
Let k(b) = 3*b + 2 + 0*b + 4. Let i(m) = 8*m + 19. Let s(q) = -4*i(q) + 11*k(q). Suppose -11*p = -2*p + 3*p. What is s(p)?
-10
Let p be (-6)/(-27) + (-129)/(-27). Let q(g) = -5*g + 0*g - 1 + g**2 - 1 - g + 0*g. Calculate q(p).
-7
Suppose -u + g - 4 = -0, 0 = u - 2*g + 7. Let b = u - 5. Let h(w) = w**2 + 7*w + 4. Give h(b).
-2
Let t(h) = h - 25. Let x(w) = 1. Let a(s) = t(s) + 3*x(s). Let k(g) = -g**3 - 6*g**2 - 8*g - 15. Let d be k(-5). What is a(d)?
-22
Let q = -5 + 3. Let t(i) = 4*i**2 - 5*i**2 + 7*i**2 + 3*i - 4*i - 7*i**2. What is t(q)?
-2
Let l(u) = u**2 + 2*u - 5. Suppose -3*z + 20 = -0*z + o, 3*z + 3*o - 30 = 0. Calculate l(z).
30
Let s(o) = o**3 - 5*o**2 + 8*o - 10. Let g(n) = -n**2 + 5*n + 18. Let p be g(7). Give s(p).
6
Let z(n) = 2*n**2 + 3*n - 2. Let a(g) = -3*g - 7. Let m be a(-6). Suppose -m = -d - 9. Suppose -2*b + 2 = -d. Calculate z(b).
12
Let y(r) = 0 + 0 + 4*r. Suppose -5*m = 2*n - 8, -8 - 8 = m - 4*n. Suppose m = 2*u - 2 + 6. Calculate y(u).
-8
Suppose -2*c + n = 31, -13 = -4*c - 2*n - 71. Let a(i) = -i**3 - 15*i**2 - 12. Calculate a(c).
-12
Let m(v) = -v**2 - 2*v - 1. Let w = 44 - 20. Suppose -2 + 30 = -4*r + 4*s, s = 5*r + 23. Let q be (-16)/w + r/3. Give m(q).
-1
Let z = -24 - -59. Suppose -z = 5*n + 4*a, -2 - 19 = 2*n + 3*a. Let y(t) be the second derivative of t**3/2 + 2*t**2 + 3*t - 2. Determine y(n).
-5
Let w(x) = 12*x + 72. Let n be w(-6). Let z(y) = -y**3 - y**2 + y - 17. Give z(n).
-17
Let o(d) be the second derivative of 2*d**2 + 2/3*d**3 - 1/20*d**5 + 0 + 30*d + 1/4*d**4. Determine o(4).
4
Let b = -236 + 235. Let s(i) = 8*i**2 + 2*i + 1. What is s(b)?
7
Suppose -25*l - 74 = 51. Let o(r) = -r**3 - 6*r**2 - r - 1. Calculate o(l).
-21
Let z(v) = 0*v + 5 - 2*v + 4. Let k be 5 - 5/((-5)/2). Let r be z(k). Let q(b) = -b**3 - 5*b**2 - 2. Give q(r).
-2
Let p(n) be the second derivative of -n**3/2 - n**2 + n + 20. Determine p(-1).
1
Let p(t) be the third derivative of 1/60*t**5 - 20*t**2 + 1/3*t**4 + 0 + 0*t + 5/6*t**3. Determine p(-5).
-10
Let w be (2 + 9/(-6))*10. Suppose 4*m + 3 = -w. Let z(o) = 26 + o**2 - 24 - o - 5*o**2 - o**3. Calculate z(m).
-4
Let p = 47 - 19. Let m(b) = -21*b**2 + p*b**2 - 13*b**2 - b**3. What is m(-6)?
0
Let n(r) = 2*r - 4. Suppose -2*h = 2*v + 12, -h + 12*v - 14*v = 9. What is n(h)?
-10
Let j(r) = 3*r - 4. Let h(m) = 2*m - 5. Let x(w) = 5*h(w) - 4*j(w). Suppose -3*i + 4*g = 25, 2*i - 2*g + 18 = -0*g. Let k = i + 4. What is x(k)?
5
Let m(f) be the third derivative of f**6/120 + f**5/6 + 2*f**3/3 + 11*f**2. Suppose 2*c = -2*c - 40. Let x be m(c). Let q(a) = -a**2 + 5*a - 5. What is q(x)?
-1
Let o(u) = u + 6. Let l(k) = -10*k - 34. Let r(t) = -l(t) - 7*o(t). Calculate r(-6).
-26
Let i(y) = -y - 10. Let m be i(-8). Let x be 16/5 - m/(-10). Let d(h) = 2*h - 1 - x + 0 - 4*h. Give d(-5).
6
Suppose 0 = -5*v - 4*d + 14, 3*v - 2*d - 7 + 3 = 0. Let i(q) = -5*q**3 + 24 + 6*q + 4*q**3 + 6*q**v - 17. Let r be i(7). Let z(t) = t - 4. What is z(r)?
-4
Let r be (-8 - -15) + -3 + -17. Let z(o) = -2*o - 31. Calculate z(r).
-5
Let z(u) = 5*u + 1. Let s be z(6). Let g = 23 - s. Let p(i) = -i**3 - 7*i**2 + 7*i + 3. Calculate p(g).
11
Let y be (-76)/(-18) + (-20)/90. Let k(n) be the first derivative of n + n**2 - y*n - 2*n - 4. Calculate k(5).
5
Let o be 8/((2/(-10))/((-2)/10)). Let w(c) be the first derivative of c**3/3 - 4*c**2 + 7*c - 7. Determine w(o).
7
Let x(s) = 4 - 3 - s - 5*s**2 + s**2. Let p(q) = -3*q**2 + 12 - 4*q - q + 2*q - 5. Let l be p(-2). What is x(l)?
-4
Suppose 3 - 1 = y. Let p(k) = -y*k**2 - 4 + 3 + 12*k**2 + 2. What is p(1)?
11
Let w(n) = n**2 - 3*n + 1. Suppose 14*z - 9*z - 15 = 0. Suppose -4*a + 24 = 4*p, -z*p - 2*a - 6 = -5*a. Determine w(p).
-1
Let s(i) be the second derivative of -15*i + 0 + 9/2*i**2 - 1/2*i**3. Give s(6).
-9
Let o(i) = i**3 + 7*i**2 + 9. Suppose 0*g + 2 = g + 2*j, 4*g + j = -6. Let w(m) = 4*m**3 + 29*m**2 + 37. Let a(r) = g*w(r) + 9*o(r). Give a(-5).
7
Let f(p) = -p**3 + p**2 + p - 6. Let y(w) be the first derivative of w**3/3 - 19*w**2/2 + 34*w - 36. Let d be y(17). Give f(d).
-6
Suppose -122*o - 14 = -115*o. Let w(f) = -f**3 - 4*f**2 - 2*f + 1. Determine w(o).
-3
Let z(j) = -2*j - 79 - 39 + 95. What is z(-8)?
-7
Let v(w) = -5*w + 22. Let i(b) = 4*b - 18. Let s(j) = -4*i(j) - 3*v(j). Calculate s(11).
-5
Let l(x) be the first derivative of x**4/12 + 5*x**3/6 - 5*x + 25. Let u(g) be the first derivative of l(g). Give u(-5).
0
Let f(r) = 12*r - 25 - 3*r**2 - 8 + 25 + 4*r**2. Give f(-12).
-8
Suppose -3*p = 3*p. Let w(c) = -4 + 6*c - 2*c + 1 + p + c**2. Give w(-5).
2
Suppose 4*p - 2 - 18 = 0. Let z(c) = -p - 14*c + 6*c + 9*c. What is z(6)?
1
Let v(n) = 3*n - 5*n + 0*n. Suppose -4*p = 2*u + 10, -5*u + u + 12 = 0. Let c be 1/(5 - (-16)/p). Calculate v(c).
-2
Let u(m) = -2*m - 3. Let d(a) = -26*a**2 - 3*a - 2. Let c be d(-1). Let w = -20 - c. Give u(w).
-13
Let z(p) = -8*p + 14*p + p**3 - 362*p**2 + 356*p**2 + 7. Give z(5).
12
Let m(k) = -11*k**3 + 4*k**2 - 11*k - 15. Let d(i) = -5*i**3 + 2*i**2 - 5*i - 7. Let r(y) = -13*d(y) + 6*m(y). What is r(-2)?
3
Let h(d) = -d**3 - 2*d**2